
What is the highest common factor of 22234555 and 68?
17
What is the greatest common divisor of 487509 and 19315230?
6171
Calculate the greatest common factor of 2338201 and 795.
53
What is the highest common factor of 3045 and 4395405?
105
Calculate the greatest common divisor of 104276 and 41920.
524
Calculate the greatest common factor of 338638806 and 619.
619
Calculate the greatest common factor of 12825 and 114912.
513
Calculate the greatest common divisor of 37 and 6376846437.
37
Calculate the greatest common factor of 195030 and 43032286.
4334
What is the greatest common divisor of 228526666 and 138?
46
What is the greatest common divisor of 30359 and 12941608?
4337
What is the greatest common divisor of 116170254 and 162?
54
Calculate the greatest common divisor of 55 and 117590363.
11
What is the greatest common factor of 10917060 and 5180?
140
Calculate the highest common divisor of 9020 and 207665.
205
Calculate the greatest common factor of 2303 and 4623766.
329
Calculate the greatest common factor of 688572 and 98103.
1851
Calculate the greatest common factor of 13222 and 61798.
22
What is the highest common divisor of 156 and 5181501?
39
Calculate the greatest common divisor of 3632112 and 360.
72
Calculate the highest common divisor of 4 and 3759164.
4
What is the greatest common divisor of 11649 and 189208?
353
What is the greatest common factor of 8 and 1279693680?
8
Calculate the highest common divisor of 21880 and 8248.
8
Calculate the greatest common factor of 5959 and 613541.
59
What is the greatest common divisor of 328889 and 535282?
319
What is the highest common divisor of 102 and 17880855?
51
What is the greatest common factor of 18038 and 2669002?
622
What is the greatest common factor of 645967 and 2989?
49
Calculate the highest common factor of 40 and 416090256.
8
What is the highest common factor of 619216028 and 92?
92
What is the highest common divisor of 1890 and 1948765?
35
What is the highest common factor of 336 and 849093?
21
Calculate the greatest common divisor of 4704 and 19698.
294
Calculate the greatest common divisor of 675 and 30261450.
75
What is the highest common factor of 98 and 158687214?
14
What is the greatest common factor of 294998671 and 119?
17
Calculate the highest common factor of 2973150 and 8100.
450
Calculate the greatest common factor of 2864 and 17408824.
1432
Calculate the greatest common factor of 6670619 and 111.
37
Calculate the highest common factor of 42354 and 47124.
18
What is the highest common divisor of 3351 and 97892763?
3351
What is the highest common factor of 33588 and 55836?
108
What is the highest common divisor of 94 and 18938462?
94
What is the highest common factor of 1019 and 640238719?
1019
What is the greatest common factor of 34182 and 3518721?
81
What is the greatest common factor of 1047264 and 1728?
96
What is the highest common factor of 9058 and 196?
14
What is the greatest common factor of 72730 and 847?
7
Calculate the greatest common factor of 120923550 and 561.
561
What is the greatest common divisor of 5746245 and 27?
3
What is the greatest common factor of 3626523 and 873?
9
Calculate the highest common divisor of 403172 and 31394.
22
What is the highest common divisor of 8181790 and 690?
230
Calculate the greatest common factor of 16263 and 645489.
117
What is the greatest common factor of 2682 and 10964314?
298
Calculate the greatest common factor of 200 and 100435450.
50
What is the highest common factor of 5840128 and 4928?
448
Calculate the highest common factor of 113203 and 68.
17
Calculate the greatest common divisor of 121321687 and 3488.
109
What is the greatest common divisor of 189684 and 163053?
99
What is the greatest common divisor of 25333965 and 8628?
2157
What is the highest common factor of 1403013 and 1011?
3
Calculate the highest common factor of 9703 and 304862.
313
What is the highest common factor of 47015760 and 99?
33
What is the greatest common divisor of 133986 and 5692938?
978
Calculate the greatest common factor of 1424364 and 904.
4
What is the highest common factor of 10433974 and 2118?
706
Calculate the greatest common factor of 89291 and 26245.
29
What is the highest common divisor of 2222 and 60423?
11
Calculate the greatest common factor of 22488 and 5001706.
1874
Calculate the greatest common factor of 11516000 and 3000.
1000
Calculate the greatest common divisor of 35 and 23545816.
7
Calculate the greatest common divisor of 55268877 and 795.
159
Calculate the greatest common divisor of 6658 and 3744259460.
6658
Calculate the greatest common factor of 715902645 and 1515.
1515
What is the greatest common divisor of 17471821 and 106?
53
What is the greatest common factor of 64524 and 12987436?
1132
What is the greatest common divisor of 1168430 and 20474?
706
Calculate the highest common factor of 19428220 and 17885.
2555
What is the highest common divisor of 10391789 and 15655?
3131
Calculate the greatest common factor of 9673 and 477391.
569
What is the highest common divisor of 2515 and 20959507?
503
Calculate the greatest common factor of 57792885 and 8685.
2895
What is the highest common factor of 44838 and 6784?
106
What is the greatest common divisor of 583 and 49866938?
11
What is the greatest common divisor of 10877251 and 1078?
77
Calculate the greatest common factor of 231459 and 6.
3
Calculate the highest common factor of 170234 and 691802.
3622
Calculate the highest common factor of 74847 and 1487241.
183
What is the highest common divisor of 2795 and 11840265?
215
What is the highest common divisor of 70481963 and 209?
19
What is the highest common divisor of 41258028 and 210?
42
What is the highest common divisor of 3066 and 1926316?
14
What is the greatest common factor of 1367616 and 66?
6
What is the greatest common factor of 58835224 and 5536?
1384
Calculate the greatest common divisor of 2517398 and 494.
26
Calculate the highest common factor of 78854568 and 78.
78
Calculate the greatest common factor of 679503 and 7257.
177
Calculate the greatest common factor of 321127 and 10821593.
3869
What is the greatest common factor of 1122174 and 9?
9
Calculate the highest common factor of 12072180 and 660.
60
Calculate the highest common factor of 103351 and 19367.
181
What is the highest common factor of 234 and 152632656?
18
Calculate the highest common divisor of 16569714 and 3.
3
What is the highest common divisor of 12091 and 57714623?
107
What is the highest common divisor of 976 and 42262752?
976
Calculate the highest common divisor of 21 and 117460735.
7
What is the greatest common divisor of 305028717 and 399?
399
What is the greatest common factor of 34938945 and 810?
405
Calculate the greatest common factor of 120929235 and 51961.
3997
What is the highest common divisor of 4976 and 862247500?
1244
What is the highest common divisor of 1011219844 and 6088?
3044
Calculate the greatest common divisor of 39240886 and 145.
29
What is the highest common factor of 8445 and 19264171?
563
Calculate the highest common factor of 1523336 and 102.
34
What is the greatest common factor of 43716 and 2028108?
12
Calculate the greatest common factor of 50 and 119510800.
50
Calculate the highest common divisor of 873 and 3545641.
97
Calculate the greatest common factor of 1251 and 7399943.
139
Calculate the greatest common factor of 10786010 and 680.
10
What is the greatest common divisor of 7168 and 723584?
128
Calculate the highest common factor of 7466 and 56805061.
3733
What is the highest common factor of 98783 and 206131?
571
Calculate the greatest common factor of 2679649 and 2051.
7
What is the greatest common factor of 291579210 and 3780?
270
What is the highest common divisor of 300 and 2733420?
60
Calculate the greatest common factor of 154039 and 403.
31
Calculate the highest common factor of 158040 and 225360.
360
What is the greatest common factor of 15151554 and 7722?
198
Calculate the highest common divisor of 184172 and 4300.
4
Calculate the greatest common factor of 43 and 69939973.
43
Calculate the highest common divisor of 3324330 and 258.
258
Calculate the greatest common factor of 11582375 and 11375.
875
Calculate the greatest common divisor of 35 and 4610956.
7
Calculate the gre